culate the remainder when 213834 is divided by 21316.
674
What is the remainder when 19090912 is divided by 26?
22
What is the remainder when 17664 is divided by 881?
44
Calculate the remainder when 359791896 is divided by 52.
48
What is the remainder when 105554749 is divided by 5146?
5143
Calculate the remainder when 420755 is divided by 614.
165
What is the remainder when 29236477 is divided by 502?
499
What is the remainder when 4427449 is divided by 340572?
13
Calculate the remainder when 3998146 is divided by 249874.
162
What is the remainder when 9730082 is divided by 2796?
2
Calculate the remainder when 195081 is divided by 337.
295
Calculate the remainder when 241879430 is divided by 3871.
3866
What is the remainder when 1114872 is divided by 812?
808
What is the remainder when 95320 is divided by 47634?
52
Calculate the remainder when 12295145 is divided by 491804.
45
Calculate the remainder when 51355 is divided by 12278.
2243
Calculate the remainder when 428178 is divided by 365.
33
Calculate the remainder when 444874 is divided by 43.
39
Calculate the remainder when 684124 is divided by 27363.
49
What is the remainder when 601427 is divided by 3903?
365
What is the remainder when 99704392 is divided by 371?
368
What is the remainder when 169038 is divided by 55891?
1365
Calculate the remainder when 51381 is divided by 5104.
341
What is the remainder when 235147521 is divided by 359?
8
What is the remainder when 8267790 is divided by 285096?
6
What is the remainder when 1014571 is divided by 88?
19
Calculate the remainder when 20774316 is divided by 45458.
10
What is the remainder when 372307 is divided by 1348?
259
What is the remainder when 40991881 is divided by 13663951?
28
Calculate the remainder when 876321 is divided by 211.
38
What is the remainder when 48818 is divided by 15957?
947
What is the remainder when 18363058 is divided by 1020?
1018
Calculate the remainder when 20213574 is divided by 27.
24
Calculate the remainder when 1470287 is divided by 778.
645
Calculate the remainder when 158258 is divided by 968.
474
What is the remainder when 156023 is divided by 469?
315
Calculate the remainder when 1339529 is divided by 669356.
817
Calculate the remainder when 5514931 is divided by 1378641.
367
What is the remainder when 606751 is divided by 30?
1
Calculate the remainder when 385595 is divided by 14096.
5003
Calculate the remainder when 86130427 is divided by 285.
7
What is the remainder when 422889 is divided by 36?
33
Calculate the remainder when 133494269 is divided by 65.
64
Calculate the remainder when 686473 is divided by 114289.
739
Calculate the remainder when 201173 is divided by 18288.
5
What is the remainder when 4413561 is divided by 76?
13
Calculate the remainder when 85996 is divided by 336.
316
Calculate the remainder when 78959 is divided by 2804.
447
What is the remainder when 23874 is divided by 5249?
2878
Calculate the remainder when 526366 is divided by 19.
9
Calculate the remainder when 4019087 is divided by 148855.
2
What is the remainder when 27866343 is divided by 51?
45
What is the remainder when 53066 is divided by 17659?
89
Calculate the remainder when 722161 is divided by 37.
32
Calculate the remainder when 30051989 is divided by 38.
31
Calculate the remainder when 1052095 is divided by 1052058.
37
Calculate the remainder when 306688 is divided by 6408.
5512
What is the remainder when 29096893 is divided by 86?
83
What is the remainder when 220928 is divided by 12984?
200
Calculate the remainder when 374550 is divided by 93155.
1930
What is the remainder when 51457341 is divided by 3229?
3226
Calculate the remainder when 183784 is divided by 5105.
4
Calculate the remainder when 2333962 is divided by 64825.
262
What is the remainder when 425638 is divided by 1391?
1383
Calculate the remainder when 9273 is divided by 1815.
198
Calculate the remainder when 1055851 is divided by 211.
7
What is the remainder when 315355 is divided by 1705?
1635
Calculate the remainder when 30063 is divided by 4544.
2799
What is the remainder when 887565 is divided by 1003?
913
What is the remainder when 384582827 is divided by 3?
2
What is the remainder when 130618 is divided by 738?
730
What is the remainder when 2812433 is divided by 415?
393
What is the remainder when 1030957 is divided by 128862?
61
What is the remainder when 57467468 is divided by 12?
8
What is the remainder when 173041 is divided by 324?
25
What is the remainder when 14751 is divided by 5779?
3193
What is the remainder when 721256 is divided by 180304?
40
Calculate the remainder when 11701337 is divided by 371.
368
Calculate the remainder when 121162 is divided by 10697.
3495
Calculate the remainder when 4975237 is divided by 330.
157
What is the remainder when 4296102 is divided by 55?
52
Calculate the remainder when 86148 is divided by 19177.
9440
Calculate the remainder when 423149 is divided by 3385.
24
Calculate the remainder when 125171 is divided by 7506.
5075
What is the remainder when 231301 is divided by 8225?
1001
What is the remainder when 30241 is divided by 82?
65
What is the remainder when 3611070 is divided by 28657?
288
Calculate the remainder when 3567604 is divided by 167.
150
What is the remainder when 18425097 is divided by 18?
9
Calculate the remainder when 44599 is divided by 780.
139
What is the remainder when 299238 is divided by 303?
177
Calculate the remainder when 103439 is divided by 6043.
708
What is the remainder when 436923190 is divided by 145641060?
10
Calculate the remainder when 17250950 is divided by 518.
514
Calculate the remainder when 4039881 is divided by 69.
0
Calculate the remainder when 17999854 is divided by 8999922.
10
Calculate the remainder when 1358885 is divided by 452957.
14
What is the remainder when 3572597 is divided by 981?
776
Calculate the remainder when 31652 is divided by 2097.
197
What is the remainder when 18142192 is divided by 2811?
2809
Calculate the remainder when 870977 is divided by 45840.
17
What is the remainder when 918344 is divided by 386?
50
Calculate the remainder when 239156 is divided by 1440.
116
What is the remainder when 537108 is divided by 174998?
12114
Calculate the remainder when 1061739 is divided by 1212.
27
What is the remainder when 595817 is divided by 1868?
1793
What is the remainder when 5853631 is divided by 1538?
3
Calculate the remainder when 787465 is divided by 60481.
1212
Calculate the remainder when 3625410 is divided by 2905.
2875
Calculate the remainder when 9428822 is divided by 1225.
1222
What is the remainder when 70693884 is divided by 272?
268
Calculate the remainder when 352053 is divided by 1710.
1503
Calculate the remainder when 16837412 is divided by 29030.
12
Calculate the remainder when 1601882 is divided by 15.
2
What is the remainder when 5626365 is divided by 313?
190
What is the remainder when 53355590 is divided by 579952?
6
What is the remainder when 167082 is divided by 23?
10
What is the remainder when 705649 is divided by 550?
549
Calculate the remainder when 9232856 is divided by 2547.
2528
What is the remainder when 32163571 is divided by 4?
3
Calculate the remainder when 100478036 is divided by 39.
35
Calculate the remainder when 1825124 is divided by 679.
651
What is the remainder when 892150129 is divided by 1757?
1753
Calculate the remainder when 1022615 is divided by 41.
34
Calculate the remainder when 4464064 is divided by 41.
25
Calculate the remainder when 11077431 is divided by 33.
24
What is the remainder when 6182 is divided by 2667?
848
Calculate the remainder when 6074845 is divided by 144.
61
Calculate the remainder when 7292942 is divided by 7292917.
25
Calculate the remainder when 303656 is divided by 530.
496
What is the remainder when 111907804 is divided by 406?
400
What is the remainder when 3532008 is divided by 161?
151
What is the remainder when 442839 is divided by 9396?
1227
Calculate the remainder when 533986 is divided by 48.
34
Calculate the remainder when 64058 is divided by 728.
722
Calculate the remainder when 31442 is divided by 31199.
243
What is the remainder when 124238 is divided by 62002?
234
Calculate the remainder when 2388374 is divided by 796124.
2
What is the remainder when 62